 -2*r**2 - 633*r - 35736. Give f(-243).
-15
Let t(h) = 3962*h - 1679842. Give t(424).
46
Let w(b) = 9*b**2 + 3169*b - 3183. What is w(1)?
-5
Let f(o) = -78*o + 247. Give f(-3).
481
Let p(b) = b**2 + 831*b + 26033. Calculate p(-33).
-301
Let f(b) = -49*b**2 + 951*b - 17. What is f(19)?
363
Let q(u) = -8*u**2 - 76*u - 190. Give q(-3).
-34
Let o(w) = 2*w**2 + 4072*w - 20393. What is o(5)?
17
Let t(s) = 11*s**3 + 499*s**2 + 173*s - 301. Give t(-45).
14
Let x(z) = 67*z**2 - 88*z + 15. Calculate x(2).
107
Let z(f) = f**2 + 130*f + 1694. Calculate z(-107).
-767
Let p(d) = -2*d**3 - 58*d**2 + 130*d - 435. Calculate p(-32).
1549
Let r(w) = -2639*w + 60650. Calculate r(23).
-47
Let q(f) = 9*f**2 + 84*f + 139. Determine q(-2).
7
Let u(n) = n**2 + 27*n - 665. Calculate u(-39).
-197
Let g(c) = -6*c**2 + 2434*c + 81384. Calculate g(-31).
164
Let b(t) = -t**3 + 47*t**2 - 109*t + 37. Calculate b(44).
1049
Let u(x) = -3*x**2 + 280*x + 5451. What is u(-18)?
-561
Let r(m) = -m**2 + 5007*m - 1420893. Give r(302).
17
Let i(d) = -6187*d + 1503449. Determine i(243).
8
Let t(o) = -22896*o + 22797. Give t(1).
-99
Let a(l) = -22*l**2 + 339*l - 679. Determine a(13).
10
Let b(y) = 2*y**3 - 17*y**2 - 12*y - 70. Give b(10).
110
Let w(p) = -3*p**2 - 378*p - 4404. Calculate w(-13).
3
Let j(k) = 5*k**3 + 2*k**2 - 34*k - 56. Calculate j(-2).
-20
Let c(w) = -w**3 + 745*w**2 + 63295*w + 64. Give c(-77).
-13
Let h(x) = -8*x**2 - 1024*x + 41020. What is h(32)?
60
Let v(y) = -y**3 + 53*y**2 + 1016*y + 127. Determine v(68).
-145
Let z(x) = 41*x**2 - 1251*x + 622. Give z(30).
-8
Let l(q) = -136657*q + 1776541. Give l(13).
0
Let x(l) = 2*l**3 + 951*l**2 + 21314*l + 31623. Calculate x(-452).
-17
Let y(r) = 7*r**2 + 269*r - 369. Give y(-39).
-213
Let d(v) = -87850*v + 15. What is d(0)?
15
Let c(p) = -p**3 + 64*p**2 + 125*p + 128. What is c(66)?
-334
Let a(v) = -3*v**2 - 23320*v + 116636. Give a(5).
-39
Let k(z) = 34269*z + 788196. Calculate k(-23).
9
Let v(z) = z**2 - 142*z + 3616. Give v(80).
-1344
Let r(d) = 714*d + 197048. Determine r(-276).
-16
Let g(n) = -n**3 + 369*n**2 + 3029*n - 4945. Give g(377).
-44
Let k(h) = 1288*h - 564129. Calculate k(438).
15
Let d(i) = 7421*i + 1491849. Give d(-201).
228
Let i(f) = -2*f**3 + 2*f**2 - 30*f - 18. Determine i(-4).
262
Let n(v) = 5753*v - 28601. Give n(5).
164
Let c(g) = 45426*g + 272609. Calculate c(-6).
53
Let g(l) = -l**3 + 437*l**2 + 18045*l + 2342. Calculate g(475).
-33
Let k(q) = 7*q**2 - 122694*q + 613453. Give k(5).
158
Let v(a) = a**3 - 347*a**2 + 1378*a - 2078. Give v(343).
-20
Let o(i) = i**2 - 436*i + 47188. Calculate o(200).
-12
Let q(n) = -3879*n**2 + 65939*n - 115. Give q(17).
-183
Let x(s) = -s**2 - 15*s - 134. What is x(-13)?
-108
Let l(k) = 388*k + 12026. Determine l(-31).
-2
Let q(i) = -649*i + 137327. Give q(212).
-261
Let v(q) = -70*q**2 - 5472*q + 190. Calculate v(-78).
1126
Let o(r) = -r**3 - 19*r**2 + 60*r + 1. What is o(-13)?
-1793
Let c(z) = 1360*z - 372645. What is c(274)?
-5
Let s(z) = -z**2 + 1323*z + 280628. Calculate s(-186).
-46
Let b(c) = -6612*c - 343827. Calculate b(-52).
-3
Let j(u) = -761*u**2 - 25875*u - 43. What is j(-34)?
-9
Let q(z) = 5153*z + 102940. Give q(-20).
-120
Let v(s) = -4*s**3 - 100*s**2 + 1140*s - 10. Determine v(10).
-2610
Let q(k) = -k**2 + 94*k + 607. Determine q(-12).
-665
Let q(a) = a**2 - 10*a - 112. Determine q(18).
32
Let i(y) = -29*y**2 - 7287*y + 5413. What is i(-252)?
121
Let v(r) = 123*r**2 - 7497*r - 147. Determine v(61).
219
Let p(k) = -84*k + 3276. What is p(56)?
-1428
Let s(c) = 3041*c**3 - 389255*c**2 + 896*c. Calculate s(128).
0
Let a(n) = -23205*n + 92825. Calculate a(4).
5
Let v(n) = -n**3 - 3*n**2 + 11*n + 407. Calculate v(0).
407
Let r(c) = -56*c - 1202. Give r(-17).
-250
Let n(f) = -f**3 + 34*f**2 - 656*f + 3276. Give n(7).
7
Let q(b) = -7*b**3 + 6*b**2 + 9*b - 3. Determine q(-4).
505
Let y(q) = -6157*q + 67736. Calculate y(11).
9
Let g(p) = -19*p**3 + 53*p**2 - 123*p + 362. Calculate g(3).
-43
Let g(l) = -46121*l - 2029319. Determine g(-44).
5
Let d(c) = -346*c**2 + 5180*c + 177. Calculate d(15).
27
Let i(v) = v**3 + 2*v**2 - 19211*v + 134068. Give i(7).
32
Let x(k) = 1304*k**2 + 3879*k - 2. Calculate x(-3).
97
Let f(x) = 5043*x + 65331. Determine f(-13).
-228
Let a(c) = -116*c + 1639. Determine a(16).
-217
Let v(s) = -58*s**3 - s**2 - 156*s - 424. Calculate v(-3).
1601
Let n(u) = 12246*u + 24601. Calculate n(-2).
109
Let n(z) = -2*z**3 - 150*z**2 - 1185*z + 87. Determine n(-66).
-111
Let n(l) = 10*l**2 + 1870*l - 1911. Give n(-188).
-31
Let w(d) = d**2 - 643*d - 9066. Determine w(-14).
132
Let m(i) = -i**3 + 81*i**2 - 1630*i - 127. Determine m(43).
45
Let a(r) = 7*r**2 - 44*r - 511. Determine a(-5).
-116
Let j(o) = -119*o + 18014. Determine j(145).
759
Let x(v) = 3*v**3 + 37*v**2 + 225*v - 465. Calculate x(-10).
-2015
Let x(u) = 159195*u - 1910339. Calculate x(12).
1
Let k(f) = -651*f**2 + 21754*f - 8948. Give k(33).
-5
Let u(c) = -804*c - 67300. What is u(-87)?
2648
Let w(x) = -x**3 + 269*x**2 + 181*x - 48799. What is w(269)?
-110
Let i(n) = -n**3 - 22*n**2 + 1349*n + 155. What is i(27)?
857
Let s(h) = 3*h**3 - 117*h**2 + 110*h + 299. Give s(38).
147
Let p(f) = -f**3 - 32*f**2 + 81*f + 851. Calculate p(-34).
409
Let n(w) = -85*w - 1649. Calculate n(-24).
391
Let u(z) = -3*z**2 + 1135*z + 53887. Calculate u(421).
-1
Let q(j) = 49*j**2 - 526*j - 2233. Calculate q(14).
7
Let q(m) = 74*m**2 + 366*m - 189. Determine q(-5).
-169
Let i(s) = s**3 - 11*s**2 - 3897*s + 35239. Determine i(9).
4
Let y(p) = -p**3 + 32*p**2 + 71*p - 4. Determine y(34).
98
Let k(z) = 3*z**2 + 335*z + 3216. Give k(-101).
-16
Let w(a) = 2702*a**2 + 64835*a - 316. What is w(-24)?
-4
Let l(m) = -2*m**3 + 16*m**2 + 48*m - 116. Give l(8).
268
Let g(r) = -13*r**3 + 172*r**2 - 37*r - 22. What is g(13)?
4
Let y(c) = -8*c**3 - 45*c**2 - 6*c + 81. What is y(-5)?
-14
Let y(v) = v**3 - 3*v**2 - 69*v + 104. Calculate y(-11).
-831
Let j(w) = -w**3 - 525*w**2 - 31524*w - 27363. Calculate j(-456).
-3
Let h(m) = 6*m**3 + 61*m**2 + 67*m + 34. Calculate h(-9).
-2
Let p(x) = -25*x**2 - 811*x - 1442. What is p(-30)?
388
Let p(r) = -r**3 - 404*r**2 - 2374*r + 5847. Calculate p(-398).
275
Let b(h) = 6*h**2 + 543*h + 4821. Give b(-9).
420
Let w(g) = -827*g + 17974. Determine w(22).
-220
Let t(p) = -108*p + 9260. Determine t(57).
3104
Let x(u) = u**3 + 45*u**2 + 59*u + 314. Determine x(-43).
1475
Let l(v) = v**2 + 3634*v + 100969. Give l(-28).
1
Let f(o) = -3196*o - 153247. What is f(-48)?
161
Let f(y) = -y**2 + 1134700*y - 3404103. What is f(3)?
-12
Let n(h) = 2188*h - 527218. Determine n(241).
90
Let i(v) = -v**2 - 134*v - 2882. Determine i(-67).
1607
Let o(s) = 13*s**3 - 9178*s**2 + 27417*s - 27. What is o(703)?
-27
Let w(i) = -i**3 + 34*i**2 + 315*i - 7549. Give w(37).
-1
Let m(t) = -t**3 - 34*t**2 - 59*t - 156. Give m(-32).
-316
Let k(f) = -3766*f + 248637. Calculate k(66).
81
Let d(b) = -43*b**3 - 115*b**2 + 20*b + 29. Determine d(-3).
95
Let d(b) = b**2 - 997*b + 118552. Calculate d(138).
10
Let w(s) = -s**3 - 14*s**2 + 243*s + 3341. Calculate w(-13).
13
Let n(t) = -t**3 - 29*t**2 - 221*t + 242. Determine n(-20).
1062
Let i(h) = 212*h - 8768. Calculate i(31).
-2196
Let h(z) = z**2 + 580542*z - 4063844. What is h(7)?
-1
Let w(k) = -1612*k - 441686. Calculate w(-274).
2
Let y(s) = -25*s**2 - 32*s + 14. Give y(1).
-43
Let v(d) = -22*d**2 + 126*d - 1572. Give v(13).
-3652
Let j(r) = -r**3 - 113*r**2 + 122*r + 1433. Give j(-114).
521
Let o(f) = -22*f**2 + 36*f + 231. Calculate o(4).
23
Let l(k) = 666561*k - 1333119. What is l(2)?
3
Let i(m) = -107*m - 97. Calculate i(16).
-1809
Let a(w) = -2*w**2 + 2981*w - 888684. Give a(412).
0
Let a(i) = 526*i**2 + 180422*i + 1382. Determine a(-343).
10
Let v(a) = 153*a + 9944. Calculate v(-68).
-460
Let x(y) = -5*y**2 + 457*y + 8339. Determine x(107).
-7
Let q(y) = y**2 + 134*y - 23515. Give q(-235).
220
Let o(k) = -626470*k - 3132355. What is o(-5)?
-5
Let k(b) = -3*b**3 + 59*b**2 - 2592*b + 18488. Determine k(8).
-8
Let y(k) = -38485*k - 923595. Calculate y(-24).
45
Let m(n) = -n**3 + 45*n**2 + 289*n + 633. Give m(51).
-234
Let o(m) = 8*m**2 - 87125*m - 1221320. What is o(-14)?
-2
Let y(f) = 2*f**2 + 62*f + 368. Give y(-21).
-52
Let t(r) = 55*r**2 + 2741*r - 446. Determine t